rivative of 0*i**2 + 0*i**3 - 7/6*i**4 + 37*i + 0. Calculate w(-1).
-14
Suppose 4*t = 4*r + 3*t - 12, -3*r + 3*t + 18 = 0. Let c(v) = 4*v + 1. Calculate c(r).
9
Let b be ((1 - 2) + 5)/1. Let o(r) = 0 - 1 - 4 + r + b. Give o(0).
-1
Suppose -95*j - 124 = -33*j. Let f(d) = -8*d**3 + 4*d**2 + 2*d + 1. Let g(t) = 7*t**3 - 3*t**2 - 2*t - 1. Let p(q) = -6*f(q) - 7*g(q). Calculate p(j).
-7
Let z = 639 + -641. Let w(i) = i**3 - 2*i**2 - 3*i - 1. Give w(z).
-11
Suppose -444 - 972 = 118*i. Let w(n) = -n**2 - 8*n - 2. Give w(i).
-50
Let o(m) = -m + 14. Let s(w) = -w**2 - 16*w - 32. Suppose -4*q = 2*d - 6*d + 64, 0 = 5*q - 2*d + 71. Let n be s(q). What is o(n)?
7
Let v(r) be the third derivative of r**4/8 - r**3/3 - 2*r**2. Let f be ((-86)/(-215))/(((-3)/5)/3). Give v(f).
-8
Let s be (-1 + (-40)/(-30))*-6. Let u(w) = -2*w**2 + 6*w - 8. Let i(g) = 2*g**2 - 5*g + 7. Let p(v) = -7*i(v) - 6*u(v). What is p(s)?
-7
Let r(s) = 7*s**3 + 16*s**2 - 2*s - 15. Let z(p) = -3*p**3 - 8*p**2 + p + 7. Let q(j) = -2*r(j) - 5*z(j). Give q(-8).
3
Let s(h) = 7*h - 6. Let v(j) = 11*j - 9. Let c(p) = 8*s(p) - 5*v(p). What is c(5)?
2
Let w(d) be the second derivative of -17*d**3/6 - d**2/2 - 5*d + 3. Give w(-2).
33
Suppose 0 = 9*h + 16*h - 100. Let s be (-10*1)/2*-1. Let f be s/(-1) + (h - 1). Let g(k) = -2*k**2 - 2*k - 1. Give g(f).
-5
Suppose -3*m = t - 2, -m - 5 = 2*t - 14. Let o(w) be the first derivative of 7/2*w**2 - 2/3*w**3 - 52 + 2*w. Determine o(t).
-13
Suppose -4*a = -5*w + 75 - 18, 25 = 5*w. Let j(s) = -s**3 - 8*s**2 - 6*s - 6. Let l be j(-7). Let d = a - l. Let p(m) = m**2 - 7*m + 6. Determine p(d).
-4
Let m be (-88)/6 - 7/21. Let y = 17 + m. Let c(i) = 2*i - 5. Let a(b) = -1. Let r(x) = -4*a(x) + c(x). Calculate r(y).
3
Let s(b) = 5*b + 9. Let j(t) = -4*t - 7. Suppose 5*h = 10*h + 15. Let z(r) = h*s(r) - 4*j(r). Give z(-3).
-2
Let k(o) = -o**2 + 8*o + 11. Suppose 68*f - 69*f + 3*i = -16, -3*i = -5*f + 56. Give k(f).
-9
Let z(d) = -121*d**3 + 9 + 6*d + 6*d**2 + 8 + 120*d**3. What is z(7)?
10
Suppose -231 = 32*k - 135. Let f(b) = -3*b + 5. Give f(k).
14
Let i(o) be the third derivative of 0 + 0*o - 7/60*o**5 - 1/3*o**3 + 1/6*o**4 + 1/120*o**6 - 2*o**2. Suppose 5*s + 38 = a + 2*a, 4*a = 2*s + 32. Determine i(a).
-14
Let k be (8 - 36/6) + -1 + 4. Suppose -k*n + 3*q = -0*n + 5, -4*q = -5*n - 10. Let h(y) = 2*y - 1. Calculate h(n).
3
Let y(q) = -3*q + 2. Let n(l) = -l + 1. Let z(c) = 8*n(c) - 3*y(c). Let x(g) = 3*g + 4. Let m(i) = -3*x(i) + 5*z(i). Suppose 0 = -2*v + 2 - 6. What is m(v)?
6
Let n be ((-35)/(-20))/((-7)/(-34 - -6)). Let c(d) be the first derivative of d**4/4 - 2*d**3 - 5*d**2/2 - 9*d - 1. Calculate c(n).
5
Let b(x) = x**2 + 3*x - 7. Let h(w) = -5*w**3 - 13*w**2 + 11. Let l(u) = -4*u**3 - 13*u**2 + 10. Let j(d) = 5*h(d) - 6*l(d). Let s be j(13). Determine b(s).
3
Let h(g) = g**2 - 5*g - 3. Let q(u) = 2*u**2 - 8*u - 4. Let p(z) = 2*z - 7. Let b be p(6). Let l be q(b). Give h(l).
3
Let x(r) = 2*r**3 - r**2 - r - 4. Let u(h) = 7*h**3 - 2*h**2 - 6*h - 14. Let v(q) = u(q) - 4*x(q). What is v(3)?
-13
Let s(z) = z**3 + 8*z**2 + 7*z + 7. Let x(l) = 3*l**2 - 18*l + 1. Let w be x(9). Let t = w - 89. Calculate s(t).
7
Suppose -l + 6 = -v, 2*l + 8 + 2 = 0. Let n(g) = g - 2. Give n(v).
-13
Let x(b) be the second derivative of b**7/840 - b**6/60 - 7*b**5/120 - 3*b**4/8 + 7*b**3/6 - b. Let v(i) be the second derivative of x(i). Give v(7).
-9
Suppose -14 + 0 = 2*j - 2*f, -5*j = 3*f + 35. Let o(s) = 13*s**2 + 25*s - 11. Let v(p) = 7*p**2 + 13*p - 6. Let a(i) = -6*o(i) + 11*v(i). Give a(j).
0
Let v(i) = 4*i**2 - 27*i - 27. Let a be v(8). Let o(t) = -t + 9. Give o(a).
-4
Let k(q) = q**3 + 7*q**2 + 5*q. Let u(j) = -j**2 - j. Let d(v) = -k(v) - 4*u(v). Let t(y) = -3*y**2 + 143*y - 95. Let c be t(47). What is d(c)?
-1
Let z(k) = k**2 - k - 1. Suppose -2*u = -4*p - u + 8, -p + 2*u = 5. Let h(s) = 4*s + 2. Let b(l) = p*z(l) + h(l). Calculate b(-2).
9
Let f(d) = -6*d - 14. Let c(t) = -t**2 + 7*t + 4. Let i be c(6). Let o(u) = -u + 6. Let y be o(5). Let x(v) = v + 1. Let h(r) = i*x(r) + y*f(r). Calculate h(3).
8
Let l(r) be the second derivative of r**5/5 + r**3/2 + r**2 - 683*r. Determine l(-2).
-36
Let b(c) be the third derivative of c**9/20160 + c**8/20160 + c**7/2520 + c**6/720 + c**5/6 + 4*c**2. Let t(p) be the third derivative of b(p). Give t(-1).
-3
Let n = -5 + 13. Let r(c) = 2 - 10*c - 9 + n. Calculate r(-1).
11
Let p be (-12)/(-15)*(-10)/(-4). Suppose 2*j - p*m = 0, 0 = 3*j - m + 2*m + 16. Let u(r) = 0*r**2 + 0*r**2 + 3*r - 4 + r**2 + 0*r**2. Give u(j).
0
Suppose -36 = -4*s + 4*m, -s + 3*s + 3*m - 43 = 0. Let g be -3 - 7/(s/(-12)). Suppose 5 = -4*y + g*y. Let l(t) = t + 2. Calculate l(y).
-3
Let c(p) be the second derivative of 0*p**3 + 0*p**2 + 1/720*p**6 - 11*p + 0 + 7/12*p**4 - 1/12*p**5. Let w(b) be the third derivative of c(b). Give w(0).
-10
Suppose -5*j = -125 - 45. Suppose 3*z = 2*w - 2*z + j, -3*z = 3*w + 9. Let v(l) = -l - 1. Let y(m) = -m - 1. Let d(p) = w*v(p) + 6*y(p). Calculate d(5).
6
Suppose 21 = -6*h + 15. Let x(q) = 5*q**2 - 3*q - 3*q**2 + 2*q. Give x(h).
3
Let n(t) = -t**3 + 6*t**2 - 3*t. Let h be -41 - 1 - 22/(-11). Let d = h - -26. Let a = d + 19. What is n(a)?
10
Let g(o) be the third derivative of -1/24*o**4 + 0*o - 1/6*o**3 + 0 - 12*o**2. Give g(-10).
9
Let j(w) = 7*w - 14*w + 6 + 15*w + w**2 + 0*w**2. Let d be ((-6)/8)/(2/16). Determine j(d).
-6
Suppose -4*n - 5*f - 3 = -8*f, 18 = -2*n - 4*f. Let h(o) = o - 9 + o**2 + 21 - 8 + 0*o. Determine h(n).
10
Let m = -34 + 34. Suppose m = -5*i - 4*x + 22, 3*x = -2*i - 1 + 7. Let q(r) = -r**2 + 5*r + 2. Calculate q(i).
-4
Let f(z) = 5*z**2 + z. Let v(o) = -o**3 + 6*o**2 - 3. Let y be v(6). Let b be 6/10 + y*10/(-75). Give f(b).
6
Let i(t) be the third derivative of t**5/60 - t**4/6 - t**3/6 + 16*t**2. Let r(b) = -3*b**2 + 12*b + 4. Let u(v) = -17*i(v) - 6*r(v). Give u(5).
-2
Let s(r) = -6*r**2 - r - 1. Suppose 0 = -c + 7 + 23. Suppose -c = 3*p - 27. Calculate s(p).
-6
Let k(g) = 111*g + 672. Let y be k(-6). Let b(a) = 2*a**2 - 7*a. Calculate b(y).
30
Let m be (-9)/6*56/(-12). Let b(h) = -h**2 + 2*h + 9. Give b(m).
-26
Let g(d) = d - 5*d + 3*d. Suppose 2*q = 5*b - 31, 4*b + 0*q - 34 = -3*q. Let z = b - 8. Determine g(z).
1
Let m(r) = -189*r + r**3 + 3*r**2 + 2 + 739*r - 182*r - 181*r - 182*r. Give m(-3).
-13
Let k(s) be the first derivative of 13 - s**2 + 1/3*s**3 + 3*s. Calculate k(4).
11
Let l(q) = 123 + 4*q - 2*q - 55 - 62. What is l(-8)?
-10
Suppose 0*u = 2*u + 4, 5*z = -5*u. Let k(t) = 0*t**2 + 7*t - 3 + 6*t**2 + 2 - 8*t**z. What is k(5)?
-16
Let r(x) be the second derivative of -x**3/6 + x**2 + 3*x - 19. Let u = 2 - 7. Calculate r(u).
7
Let a(j) = -j**2 - 7*j - 8. Let p be (-30)/(-5) + (-52)/4. What is a(p)?
-8
Let b(v) = v**2 + 3*v - 345. Let g be b(17). Let h(w) = w**2 + 4*w + 4. Give h(g).
9
Let m be 4*(-3)/(-42) - 76/(-28). Let i(z) = 2 + 149*z - 162*z - m. What is i(1)?
-14
Let i(k) be the second derivative of 11*k**5/20 + k**4/12 - k**3/3 + k**2/2 - 75*k. Give i(1).
11
Let m(c) = c**3 + 7*c**2 + 8*c + 3. Let t(n) = -3*n**3 - 20*n**2 - 25*n - 8. Let y(f) = 7*m(f) + 2*t(f). Suppose 81*h = -401 - 247. Calculate y(h).
21
Let z(g) be the third derivative of -g**5/120 + 11*g**4/24 + 5*g**3/2 - 15*g**2. Let t(k) be the first derivative of z(k). Calculate t(5).
6
Let t(y) = -9*y - 15 + 12*y - 4 + 3 - 4*y. Determine t(-6).
-10
Let r = 12 - 11. Let a(l) = -20*l - 2 + r + 2 + 23*l. Calculate a(-3).
-8
Let p(n) = n**2 - n + 4. Let v be p(0). Let a(b) be the first derivative of 5 + 0*b - 1/3*b**3 + 3/2*b**v + 0*b**2. Calculate a(1).
5
Suppose 0 = -p + 3*m - 3, -2 - 6 = -4*m. Let h(k) = -4*k**2 - 3*k. Let q(x) = -26*x**2 - 17*x + 2. Let b(y) = 6*h(y) - q(y). What is b(p)?
13
Let r(a) = 20*a. Let q(t) = 7*t - 2. Let u(p) = 3*q(p) - r(p). Let l = -1 - 0. Let x = 1 + l. Determine u(x).
-6
Let i(n) = -2*n - 19. Let r be i(0). Let z = r + 23. Suppose 2*b - k = -0*k + 13, -2*k = z*b - 30. Let h(d) = d - 4. Determine h(b).
3
Let u(b) = b - 2. Suppose -37 + 51 = 7*f. Suppose 14 = 2*z - 3*q, -z + 7*q + 13 = 4*q. Suppose 5*t + 26 = f*v + z, -3*v - 5*t = 0. What is u(v)?
3
Let q be (-3)/(63/28)*-9. Let u(z) be the third derivative of z**6/120 - 11*z**5/60 - 11*z**4/24 - 8*z**3/3 + 9*z**2. What is u(q)?
-4
Suppose 0*k 